omposite?
True
Is (-223)/(-3*1/3) composite?
False
Let f(j) = 4*j**3 - 2*j + 1. Let n be f(1). Suppose -6*r = -n*r - 330. Suppose -6*w = -w - r. Is w a prime number?
False
Let h(s) = 5*s**2 + 0*s + 2*s + s**2. Let k be h(-3). Is (-4)/(-10) - k/(-5) prime?
False
Let w be 32/(-14) - (-10)/35. Let r be (-1)/3 + w/(-6). Is 2 + -1 + 10 + r composite?
False
Suppose 4*f + 75 = 8315. Suppose -4*y - 2*r + f = 0, 2*y + 3*r = -y + 1545. Is y composite?
True
Let f be 2 + (0 - (1 - -1)). Let u = f - -2. Suppose 0*r = u*r - 50. Is r composite?
True
Is (-1)/2 - (-29)/2 a prime number?
False
Suppose 8*v + 702 = 4*w + 3*v, -5*v + 163 = w. Let y = w - -38. Is y prime?
True
Let j(o) = -2*o**2 + o + 1. Let y be j(2). Let q(u) = -2*u**3 - 7*u**2 - 3*u - 4. Let c be q(y). Is (-7)/14 - c/(-4) prime?
False
Let x = 1101 + -620. Is x prime?
False
Let k = -4 - 103. Let u = k - -478. Is u prime?
False
Let h(u) be the third derivative of -u**6/120 + u**5/60 - u**4/12 + 5*u**3/6 + 7*u**2. Is h(-3) prime?
True
Suppose 2*k + 4 = 0, -g + 838 = 3*g + 3*k. Is g a composite number?
False
Let o(n) = -8*n**3 + n**2 + 4*n + 5. Let w(m) = 4*m**3 - 2*m - 2. Let a(j) = -3*o(j) - 7*w(j). Is a(-3) prime?
False
Suppose -q + 3*q - 3*o = 7, 5*o = q + 7. Let p(t) be the first derivative of 2*t**3/3 - 4*t**2 - 5*t + 1. Is p(q) a composite number?
False
Let n = -2 - -4. Suppose 0 = -3*p + n*p + 53. Is p a prime number?
True
Let d be ((-189)/12)/(1/(-4)). Suppose 2*a = -2*c + d + 399, 0 = -2*c + 5*a + 455. Suppose -2*v - 50 = -w - 3*v, -2*v - c = -4*w. Is w a prime number?
False
Let y = -3 - -6. Suppose y*p = 143 + 28. Is p a composite number?
True
Is 10570/18 - 2/9 composite?
False
Let b(o) = -o + 10. Let f be b(8). Is f*(-106)/(-12)*3 a prime number?
True
Suppose 5*i = c - 271, -4*i + 235 = c - 0*i. Is c a composite number?
False
Let a(j) = -j**2 + j + 1. Let q be a(-1). Let t be (-10)/(-4)*(-46)/q. Let f = -60 + t. Is f composite?
True
Suppose 0 = 3*b + b - 4. Let m = -2 + b. Is ((114*m)/(-3))/2 a composite number?
False
Is 2*1 - (-4340)/(-3 + 7) a composite number?
False
Suppose 115 = x - z, 3*x - 575 = -2*x - z. Is (-2 - x)*-1 - 2 prime?
False
Is 919/(4/(-16)*-4) a prime number?
True
Let y(n) be the second derivative of -n**3/6 + 13*n**2/2 - 3*n. Let a be y(9). Is 0 + -6*(-2)/a prime?
True
Let d = 369 + -163. Is d a composite number?
True
Is (557/(-2))/((-13)/26) prime?
True
Let d = -6594 - -11323. Is d prime?
True
Suppose -4*v + 33 = -2*b - 113, -v = b - 35. Let t = -75 + 162. Let l = v + t. Is l a prime number?
False
Let v = -93 + 152. Is v prime?
True
Let d(k) = k - 1. Let z = -7 - -12. Let n be d(z). Suppose n*h + 0*h + 5*p = 95, 3 = -3*p. Is h composite?
True
Is (19*1626)/3 + 3 prime?
True
Suppose 1046 = 5*j - 4*j + z, -5260 = -5*j + 5*z. Is j a composite number?
False
Let a = 16 + -8. Suppose -a*w = 4*f - 4*w - 12, -4*f + w + 27 = 0. Is f a composite number?
True
Let b(w) = 19*w**2 + 11*w - 11. Let o(d) = -9*d**2 - 5*d + 5. Suppose 4*c + h + 25 = 0, 2*h = -3*c + h - 19. Let l(s) = c*b(s) - 13*o(s). Is l(3) composite?
True
Let i = 302 + 1439. Is i a composite number?
False
Let p(i) = 117*i - 2. Is p(1) composite?
True
Suppose 20*g - 2435 = 15*g. Is g a composite number?
False
Let n(z) = -z**3 + 3*z**2 - 2*z + 2. Suppose -23 = -2*d + 5*q, 3*d - q - 11 = d. Suppose -6 = d*o + 6. Is n(o) a prime number?
False
Let z = 1515 + 142. Is z a composite number?
False
Suppose 100 = 3*g - g. Suppose -u + 2*u + 10 = -5*f, -4*f - g = -2*u. Is u composite?
True
Suppose 2*h + 4*j - 180 = -3*h, -2*j - 144 = -4*h. Suppose 3*n - 4*m = -47 - 37, n - 4*m + h = 0. Is (-46)/(n/10 + 2) prime?
False
Let p(a) = 0*a**2 - 26*a**3 + 0*a**2 + 1 - 2 - 2*a. Is p(-2) a composite number?
False
Suppose 0 = b + 4, -l - 4*b - 1 = 17. Let x(y) = -7*y**2 - 2*y + 2. Let i be x(l). Let f = 32 + i. Is f composite?
True
Suppose 105 = -2*a + 935. Suppose 0 = -7*x + 2*x + a. Is x a composite number?
False
Let w(c) = 3788*c**2 - 1. Is w(-1) composite?
True
Let q(d) = -d**2 - 6*d. Let t be q(-6). Suppose 5*x + 10 + 20 = t. Is (-2)/(-6) + (-532)/x composite?
False
Let h be 807/9 + 1/3. Let o = h - -37. Is o composite?
False
Let s(l) be the second derivative of l**3/6 + 5*l**2 - 3*l. Let q be s(-9). Is 54 + q*(-3)/3 composite?
False
Let w = -93 + 183. Suppose w = x - 53. Is x a prime number?
False
Let a(w) = -w**2 + 3 - 2*w - 2*w + 5*w. Suppose 0*p = 4*p. Is a(p) a prime number?
True
Let y(j) = 72*j + 4. Let t be y(2). Suppose -d + 5*d - t = 0. Is d composite?
False
Let x(h) be the second derivative of 7*h**4/12 - 4*h**3/3 + 9*h**2/2 - h. Let v be x(7). Suppose u - 3*p = -4*u + v, 3*p = -2*u + 110. Is u a composite number?
True
Suppose 10 = -4*t - 4*q + 34, 2*t - 5*q = -9. Suppose -4*f = -h + 6, 7*f - 3*f - 34 = -t*h. Is h a composite number?
True
Let q be (-8 - 1476) + (-4)/(-2). Let z = -985 - q. Is z prime?
False
Suppose 2*p + 3*p - 3*x = -2806, 0 = -2*p - 3*x - 1135. Let g = -310 - p. Is g composite?
True
Let o = 2 - 0. Let r(g) = -2 + g**2 - g**3 + g**o - 4*g**2 - 2*g. Is r(-2) a prime number?
True
Suppose 9 + 470 = o. Is o composite?
False
Let l be (10/2)/(2 + -1). Suppose 3*k = 2*h + 2*h - 26, -3*h = -5*k - 25. Suppose -t - h*g = -0*t - 1, -135 = -l*t + g. Is t composite?
True
Let q(o) = 3 - 11*o**3 + 0*o + o - 2*o**3 + 2*o**2. Let z be q(3). Let u = -178 - z. Is u a composite number?
False
Suppose 2*w = -2*m + 1484, -m + 722 = 5*w - 8*w. Is m a prime number?
False
Suppose 0 = 4*m - 299 - 573. Suppose 0*s + m = 2*s. Is s prime?
True
Let k = -16 - -10. Let d = -13 - k. Is -69*(2 + d/3) prime?
True
Let t be (-4)/18 + (-2)/(-9). Suppose 3 = 2*u - 7. Suppose 2*l = -u*m + 481, 4*l + t*l + 105 = m. Is m prime?
True
Let d be (-2)/(-1) + (3 - -176). Suppose -d = -f + 4*q, q = f + 4*q - 146. Is f prime?
False
Let q = -2 - -6. Let n be 47/7 - q/(-14). Is n/((1 + -2)/(-3)) a composite number?
True
Suppose 4*c + 25 - 4641 = 0. Is c a prime number?
False
Is 2/11 + (-3186)/(-22) prime?
False
Suppose -2*y + 66 + 88 = 0. Is y a prime number?
False
Let k be (-3)/(-3) + 4/(-4). Let c be (k + 1 + -2)*0. Suppose c = 2*i - 8 - 4. Is i prime?
False
Suppose 12 = -0*w + 2*w. Is -2 + w + -3 - -112 composite?
False
Let r = -19 + 59. Let j = r + 198. Suppose -4*i = i + 4*o - j, 3*i - o = 136. Is i prime?
False
Suppose -2*f - 2*f = 4. Is (-1 - -23)*(-1)/f prime?
False
Let m(x) = -3*x**3 + 2*x + 1. Let u be m(-1). Let f be (116/8)/(u/8). Suppose 5*o - q + 4*q - 110 = 0, -2*o - 4*q + f = 0. Is o prime?
True
Suppose 4*h + 2*x - 18 = 0, -h + 3*x - 18 = -x. Suppose -2*p + 266 = 4*j, 2*p + h*p - 4*j = 532. Is p a composite number?
True
Let f(o) = 6*o**3 + 10*o**2 - 7*o + 9. Let w be 1*-3 + (-1 - -9). Let g(l) = l**3 + l**2 + 1. Let b(c) = w*g(c) - f(c). Is b(-9) a prime number?
True
Let o be 18/24 + 46/(-8). Let g(k) = k**3 + 5*k**2 - 7*k - 4. Is g(o) a prime number?
True
Let o = -1647 - -2924. Is o prime?
True
Let j(p) = p + 2. Let v be j(4). Let u(c) = -c**2 + 8*c - 2. Is u(v) a composite number?
True
Let b be 1 + 171 + 1 - 3. Suppose -3*x + b = -5*u, -x - 2*u = -5*x + 250. Is x composite?
True
Let n(y) = -y**2 + 7*y + 8. Let h be n(8). Let d(c) = -c**3 - c**2 - 178. Let m be d(h). Let k = -113 - m. Is k a composite number?
True
Suppose 0 = -3*x - 2*x + 15. Suppose -3*q = x*l - 21, 5*q + 2*l - 33 = -1. Let y(h) = 4*h**2 - 5*h + 7. Is y(q) a prime number?
False
Let t be -573*-2*(-2)/(-4). Suppose -n = -4*n + t. Is n a prime number?
True
Let x(k) = k**2 + 11*k + 12. Let s be x(-10). Is (s/4)/((-1)/(-254)) composite?
False
Suppose 2*g = -3*f + 6, 2*f = 3*g - 0*f + 4. Suppose 0 = -2*i - j + 109, -4*i - j + 3*j + 222 = g. Is i a prime number?
False
Let w(o) = 18*o + 7. Is w(4) composite?
False
Suppose -4*v + 0*v + 7280 = 0. Suppose 3*w = w + v. Is w/25 + 3/5 a prime number?
True
Let c = 27 - 11. Suppose k - c - 51 = 3*r, -2*k + 3*r + 122 = 0. Is k prime?
False
Let a be ((-30)/(-25))/((-4)/(-50)). Suppose 4*j - a = -j. Suppose -4*i + 960 = -4*r, j*i - 7*r - 730 = -2*r. Is i a prime number?
False
Suppose f = -y - 2, 2*y = f + y - 8. Let h be -1 - (6/f + -3). Suppose h = -4*u - 0*u + 148. Is u a composite number?
False
Let s = -162 + 467. Is s a prime number?
False
Let n = -615 - -2012. Is n composite?
True
Suppose -4*m + 4*c + 10 = 2, 3*m - c = 6. Let p be ((